{"id":256,"date":"2022-08-03T00:06:06","date_gmt":"2022-08-02T21:06:06","guid":{"rendered":"https:\/\/pedihelp.ro\/?page_id=256"},"modified":"2025-05-26T17:37:13","modified_gmt":"2025-05-26T14:37:13","slug":"tarife-pediatrie-3","status":"publish","type":"page","link":"https:\/\/pedihelp.ro\/?page_id=256","title":{"rendered":"Servicii \u0219i tarife Pediatrie"},"content":{"rendered":"\n<h2 class=\"wp-block-heading\">Servicii pediatrie la clinic\u0103<\/h2>\n\n\n\n<p class=\"has-small-font-size\">Include serviciile pediatrice efectuate la clinic\u0103, \u00een timpul programului s\u0103pt\u0103m\u00e2nal, de Luni p\u00e2n\u0103 Vineri, excluz\u00e2nd s\u0103rbatorile legale.<\/p>\n\n\n\n<figure class=\"wp-block-table is-style-stripes\"><table><thead><tr><th>Denumire<\/th><th class=\"has-text-align-right\" data-align=\"right\">Cost<\/th><\/tr><\/thead><tbody><tr><td>Consulta\u021bie pediatric\u0103<\/td><td class=\"has-text-align-right\" data-align=\"right\">200 RON<\/td><\/tr><tr><td>Control pediatrie<\/td><td class=\"has-text-align-right\" data-align=\"right\">100 RON<\/td><\/tr><tr><td>Consulta\u021bie pediatric\u0103 pentru fra\u021bi<\/td><td class=\"has-text-align-right\" data-align=\"right\">300 RON<\/td><\/tr><tr><td>Control pediatric pentru fra\u021bi<\/td><td class=\"has-text-align-right\" data-align=\"right\">150 RON<\/td><\/tr><tr><td>Ecografie abdominal\u0103<\/td><td class=\"has-text-align-right\" data-align=\"right\">200 RON<\/td><\/tr><tr><td>Vaccinare<\/td><td class=\"has-text-align-right\" data-align=\"right\">75 RON<\/td><\/tr><tr><td>Aerosoli<\/td><td class=\"has-text-align-right\" data-align=\"right\">50 RON<\/td><\/tr><tr><td>Tratament injectabil<\/td><td class=\"has-text-align-right\" data-align=\"right\">50 RON<\/td><\/tr><tr><td>Interpretare analize<\/td><td class=\"has-text-align-right\" data-align=\"right\">50 RON<\/td><\/tr><tr><td><\/td><td class=\"has-text-align-right\" data-align=\"right\"><\/td><\/tr><\/tbody><\/table><\/figure>\n\n\n\n<h2 class=\"wp-block-heading\">Servicii pediatrie de urgen\u021b\u0103<\/h2>\n\n\n\n<p class=\"has-small-font-size\">Include serviciile pediatrice efectuate la clinic\u0103, S\u00e2mb\u0103ta, Duminica sau de s\u0103rb\u0103tori legale.<\/p>\n\n\n\n<figure class=\"wp-block-table is-style-stripes\"><table><thead><tr><th>Denumire<\/th><th class=\"has-text-align-right\" data-align=\"right\">Cost<\/th><\/tr><\/thead><tbody><tr><td>Consulta\u021bie pediatric\u0103<\/td><td class=\"has-text-align-right\" data-align=\"right\">300 RON<\/td><\/tr><tr><td>Consulta\u021bie pediatric\u0103 pentru fra\u021bi<\/td><td class=\"has-text-align-right\" data-align=\"right\">400 RON<\/td><\/tr><tr><td>Ecografie abdominal\u0103<\/td><td class=\"has-text-align-right\" data-align=\"right\">250 RON<\/td><\/tr><tr><td>Vaccinare<\/td><td class=\"has-text-align-right\" data-align=\"right\">150 RON<\/td><\/tr><tr><td>Aerosoli<\/td><td class=\"has-text-align-right\" data-align=\"right\">100 RON<\/td><\/tr><tr><td>Tratament injectabil<\/td><td class=\"has-text-align-right\" data-align=\"right\">100 RON<\/td><\/tr><tr><td>Interpretare analize<\/td><td class=\"has-text-align-right\" data-align=\"right\">100 RON<\/td><\/tr><tr><td><\/td><td class=\"has-text-align-right\" data-align=\"right\"><\/td><\/tr><\/tbody><\/table><\/figure>\n\n\n\n<h2 class=\"wp-block-heading\">Servicii pediatrie la domiciliu<\/h2>\n\n\n\n<p class=\"has-small-font-size\">Include serviciile pediatrice efectuate la domiciliul pacien\u021bilor, \u00een timpul programului s\u0103pt\u0103m\u00e2nal, de Luni p\u00e2n\u0103 Vineri, excluz\u00e2nd s\u0103rbatorile legale.<\/p>\n\n\n\n<figure class=\"wp-block-table is-style-stripes\"><table><thead><tr><th>Denumire<\/th><th class=\"has-text-align-right\" data-align=\"right\">Cost<\/th><\/tr><\/thead><tbody><tr><td>Consulta\u021bie pediatric\u0103<\/td><td class=\"has-text-align-right\" data-align=\"right\">300 RON<\/td><\/tr><tr><td>Consulta\u021bie pediatric\u0103 pentru fra\u021bi<\/td><td class=\"has-text-align-right\" data-align=\"right\">400 RON<\/td><\/tr><tr><td>Tratament injectabil<\/td><td class=\"has-text-align-right\" data-align=\"right\">100 RON<\/td><\/tr><tr><td><\/td><td class=\"has-text-align-right\" data-align=\"right\"><\/td><\/tr><\/tbody><\/table><\/figure>\n\n\n\n<h2 class=\"wp-block-heading\">Servicii pediatrie la domiciliu de urgen\u021b\u0103<\/h2>\n\n\n\n<p class=\"has-small-font-size\">Include serviciile pediatrice efectuate la domiciliul pacien\u021bilor, S\u00e2mb\u0103ta, Duminica sau de s\u0103rb\u0103tori legale.<\/p>\n\n\n\n<figure class=\"wp-block-table is-style-stripes\"><table><thead><tr><th>Denumire<\/th><th class=\"has-text-align-right\" data-align=\"right\">Cost<\/th><\/tr><\/thead><tbody><tr><td>Consulta\u021bie pediatric\u0103<\/td><td class=\"has-text-align-right\" data-align=\"right\">400 RON<\/td><\/tr><tr><td>Consulta\u021bie pediatric\u0103 pentru fra\u021bi<\/td><td class=\"has-text-align-right\" data-align=\"right\">500 RON<\/td><\/tr><tr><td>Tratament injectabil<\/td><td class=\"has-text-align-right\" data-align=\"right\">150 RON<\/td><\/tr><tr><td><\/td><td class=\"has-text-align-right\" data-align=\"right\"><\/td><\/tr><\/tbody><\/table><\/figure>\n","protected":false},"excerpt":{"rendered":"<p>Servicii pediatrie la clinic\u0103 Include serviciile pediatrice efectuate la clinic\u0103, \u00een timpul programului s\u0103pt\u0103m\u00e2nal, de Luni p\u00e2n\u0103 Vineri, excluz\u00e2nd s\u0103rbatorile legale. Denumire Cost Consulta\u021bie pediatric\u0103 200 RON Control pediatrie 100 RON Consulta\u021bie pediatric\u0103 pentru fra\u021bi 300 RON Control pediatric pentru fra\u021bi 150 RON Ecografie abdominal\u0103 200 RON Vaccinare 75 RON Aerosoli 50 RON Tratament injectabil <a href=\"https:\/\/pedihelp.ro\/?page_id=256\" class=\"more-link\">&#8230;<span class=\"screen-reader-text\">  Servicii \u0219i tarife Pediatrie<\/span><\/a><\/p>\n","protected":false},"author":1,"featured_media":403,"parent":36,"menu_order":0,"comment_status":"closed","ping_status":"closed","template":"","meta":{"om_disable_all_campaigns":false,"_monsterinsights_skip_tracking":false,"_monsterinsights_sitenote_active":false,"_monsterinsights_sitenote_note":"","_monsterinsights_sitenote_category":0,"footnotes":""},"class_list":["post-256","page","type-page","status-publish","has-post-thumbnail","hentry"],"aioseo_notices":[],"_links":{"self":[{"href":"https:\/\/pedihelp.ro\/index.php?rest_route=\/wp\/v2\/pages\/256","targetHints":{"allow":["GET"]}}],"collection":[{"href":"https:\/\/pedihelp.ro\/index.php?rest_route=\/wp\/v2\/pages"}],"about":[{"href":"https:\/\/pedihelp.ro\/index.php?rest_route=\/wp\/v2\/types\/page"}],"author":[{"embeddable":true,"href":"https:\/\/pedihelp.ro\/index.php?rest_route=\/wp\/v2\/users\/1"}],"replies":[{"embeddable":true,"href":"https:\/\/pedihelp.ro\/index.php?rest_route=%2Fwp%2Fv2%2Fcomments&post=256"}],"version-history":[{"count":3,"href":"https:\/\/pedihelp.ro\/index.php?rest_route=\/wp\/v2\/pages\/256\/revisions"}],"predecessor-version":[{"id":884,"href":"https:\/\/pedihelp.ro\/index.php?rest_route=\/wp\/v2\/pages\/256\/revisions\/884"}],"up":[{"embeddable":true,"href":"https:\/\/pedihelp.ro\/index.php?rest_route=\/wp\/v2\/pages\/36"}],"wp:featuredmedia":[{"embeddable":true,"href":"https:\/\/pedihelp.ro\/index.php?rest_route=\/wp\/v2\/media\/403"}],"wp:attachment":[{"href":"https:\/\/pedihelp.ro\/index.php?rest_route=%2Fwp%2Fv2%2Fmedia&parent=256"}],"curies":[{"name":"wp","href":"https:\/\/api.w.org\/{rel}","templated":true}]}}